 0 - 1 + p**3 - 1 - y*p**2. Calculate the remainder when b(2) is divided by 1.
0
Suppose -c - 2*c - 2 = -4*m, -4*c = 5*m - 49. Let y = 22 + -7. Calculate the remainder when y is divided by c.
3
Let w = 227 + 30. Suppose 5*c - 3*r = w, -c = -3*r - 2*r - 69. Calculate the remainder when c is divided by 10.
9
Suppose 2*b - 20 = -0. Let s = 12 + -8. What is the remainder when b is divided by s?
2
Let i be (6/4)/(3/4). What is the remainder when i/(-6) + (-12)/(-9) is divided by 1?
0
Let i(u) = -u + 1. What is the remainder when 29 is divided by i(-7)?
5
Let y = 4 + -1. Suppose 0 = y*m - 35 - 175. Suppose 3*n = -2*n + m. What is the remainder when n is divided by 4?
2
Let i(p) = 12*p**2 - p - 3. Suppose -2 = -2*o, 4*o + 30 - 8 = v. What is the remainder when i(3) is divided by v?
24
Suppose 3*b = 18*b - 570. What is the remainder when b is divided by 8?
6
Suppose k + 4*b + 166 = 4*k, k - 5*b - 48 = 0. What is the remainder when 4/6 - k/(-3) is divided by 7?
6
Let a = 21 - 23. Let m = 9 - a. What is the remainder when 41 is divided by m?
8
Let h = -2 + 6. Let n = 4 - -8. Calculate the remainder when 1*2*(h - -7) is divided by n.
10
Let t(h) = 2*h**3 - 2*h**2 + h - 2. Let p = 6 - 3. Calculate the remainder when t(p) is divided by 10.
7
Let y = 5 - -20. What is the remainder when 49 is divided by y?
24
Suppose 0 = 5*h - 5*f - 80 - 65, -55 = -3*h - 5*f. Let w = 23 + 0. Let y = w + -14. What is the remainder when h is divided by y?
7
Let d(j) = j**2 + j - 4. Suppose 5*z + 0*z = -4*k + 11, -k + 2*z = -6. Calculate the remainder when 31 is divided by d(k).
15
Let d(j) = -j**3 - 8*j**2 - 10*j - 1. What is the remainder when 58 is divided by d(-7)?
18
Let d = 80 + -62. What is the remainder when 50 is divided by d?
14
Suppose 3*w = w + 50. Suppose 0*x + 3*g - 12 = 2*x, -2*x - 2*g = 2. Let o = x + 12. What is the remainder when w is divided by o?
7
Suppose -12*j = -71 + 11. Suppose 0 = 5*n - 11 - 4. What is the remainder when j is divided by n?
2
Calculate the remainder when 55 is divided by 2/1*((-66)/(-12) + -2).
6
Suppose -5*z = -p - 68, 0*p + 66 = 4*z + 5*p. Let h = -23 - -14. What is the remainder when 14 is divided by z/3 - 3/h?
4
Let d be (-8)/12*3 + 6. Let w(r) = 3*r**3 - 5*r**2 + 4*r - 3. Let k be w(3). Let l = k + d. Calculate the remainder when l is divided by 17.
15
Suppose 2*j = 5*g - j + 1, 0 = -4*j + 8. Let p be g - (0 + -1 - -2). Suppose p = -5*k, 4*i = 2*k - 7*k + 8. What is the remainder when 2 is divided by i?
0
Let q(u) = u**3 - 5*u**2 - 5*u - 4. Let h be q(6). Let i(p) = 3*p**2 - 2. What is the remainder when 37 is divided by i(h)?
7
Suppose 3*v - 19 = 35. Calculate the remainder when 89 is divided by v.
17
Suppose -5*s + 9 = -26. Calculate the remainder when s is divided by ((-9)/(-18))/(1/2) - -1.
1
Let w(l) = 2*l + 98. Calculate the remainder when w(0) is divided by 25.
23
Let l = -318 - -485. What is the remainder when l is divided by 34?
31
Let b = 7 + -2. Suppose 42 = -b*k + 262. Calculate the remainder when k is divided by 9.
8
Let r = -27 + 30. Calculate the remainder when 20 is divided by r.
2
Suppose 4*d - 29 = -9. Suppose o = -2*y + 9 + 27, -d*o = y - 36. Suppose g - 30 = -u + 3, -g = -4*u - 18. What is the remainder when g is divided by y?
14
Suppose 0 = 4*q + 4 - 24. What is the remainder when 28 is divided by q?
3
Calculate the remainder when 59 is divided by (54/(-30))/((-12)/80).
11
Let d(v) = 7*v - 2. Calculate the remainder when (-6)/(-24) - (-174)/8 is divided by d(2).
10
Suppose c - 3*c = -2*q + 26, 5*q = -5*c + 25. Calculate the remainder when 26 is divided by q.
8
Let x = 23 + 15. Let v = 55 - x. Calculate the remainder when 65 is divided by v.
14
Calculate the remainder when 122 is divided by (-988)/(-24) + 2/(-12).
40
Calculate the remainder when 41 is divided by (-7 - -6)/((-2)/18).
5
Suppose 0*m - 3*m = -36. What is the remainder when 23 is divided by m?
11
Suppose -2*f = -21 - 1. Calculate the remainder when 18 is divided by f.
7
Let w = 15 - 2. Let h = 0 + w. Calculate the remainder when 37 is divided by h.
11
Suppose -c = -3*j - 7 - 19, -3*c - 5*j = -8. Let k(x) = -7*x + 0 - 1 - 26*x. What is the remainder when k(-1) is divided by c?
10
Let o = -9 + -21. Let c = o + 42. Suppose -4*z = -2*m + 30, 0 = -0*m - 3*m + 2*z + 61. Calculate the remainder when m is divided by c.
11
Let a(h) = h**2 - 11*h + 5. Let u be a(11). Suppose 0 = 4*d + u*w - 16, -4*d - 5*w - 29 = -5*d. What is the remainder when 25 is divided by d?
7
Let j = 2 - 0. Calculate the remainder when 10 is divided by j.
0
Suppose -2*w = 5*l - 77, -3*w - 2*l + 170 = 27. Calculate the remainder when w is divided by 13.
12
Suppose 5*c - c + 224 = 4*i, -2*i + 5*c + 127 = 0. What is the remainder when i is divided by 9?
6
Suppose 3 = 2*o - 37. Calculate the remainder when 59 is divided by o/(-6)*(1 + -7).
19
Let c = -26 - -40. What is the remainder when 53 is divided by c?
11
Suppose -204 = 7*l - 11*l. Calculate the remainder when l is divided by 13.
12
Let s(f) = f**2 - 11*f + 4. Let j(k) = k**3 + 6*k**2 + 3*k + 2. Let q be j(-5). Calculate the remainder when s(q) is divided by 6.
4
Let i(r) = r**2 - 5*r - 4. Suppose -85*j + 73*j + 12 = 0. Calculate the remainder when i(6) is divided by j.
0
Suppose 3*b = 8*b - 20. Suppose -10 = -3*h + 11. Calculate the remainder when h is divided by b.
3
Let r be 1/(-2*(-3)/24). Suppose -r*p = -3*p. What is the remainder when 51*(p - (-1)/3) is divided by 9?
8
Suppose 3*z - z = 10. Calculate the remainder when 38/7 - 3/7 - -3 is divided by z.
3
Suppose -72 = 4*u - 8*u. Calculate the remainder when 124 is divided by u.
16
Let z be ((-23)/(-2))/((-1)/2). Let p = -13 - z. What is the remainder when 18 is divided by p?
8
Suppose 2*u = -j + 19, -2*u + 3*j = -32 + 9. Calculate the remainder when 29 is divided by u.
9
Let t be (-2 - 4)*2/(-3). Suppose 0 = -t*g + 24 + 8. Let y = -35 + 49. What is the remainder when y is divided by g?
6
Let h be (-1)/2 + 51/6. Suppose h = 2*o, -7 = 4*n - 5*o + 5. Suppose 0 = -3*x - 4*w + 25, -5*w - 6 = -n*x + 3. What is the remainder when x is divided by 4?
3
Suppose -3*r + 4*o - 2 = 13, 13 = 2*r + 5*o. Let z be (r/2)/((-2)/(-4)). Calculate the remainder when 15 is divided by (-1 + 3)/z*-4.
7
Suppose 4*w + 17 = 5*p + 4, w = -3*p + 18. Suppose p = z + 3*x - 6*x, 5*x - 21 = -z. Suppose 68 = 4*g - 60. What is the remainder when g is divided by z?
10
Suppose -8*o = -11*o + 39. What is the remainder when o is divided by 3?
1
Suppose 27 = -4*s + 63. Let n(t) = 3*t**2 - t - 1. What is the remainder when n(3) is divided by s?
5
Suppose 0 = o - 3*z - 4, 0 = 3*o + 5*z + 3 - 15. Suppose 0 = n - 6*n + 10. What is the remainder when (n/(-2))/((-1)/14) is divided by o?
2
Suppose 0 = 3*n + 2*n. Suppose 412 = 4*i - 4*t, n = i + i + t - 194. What is the remainder when i is divided by 17?
14
Let a(c) = -2 - c + 4*c + 0*c + 5*c**2. Let q = 22 - 13. Calculate the remainder when a(2) is divided by q.
6
Let k = -48 - -143. Let g = -42 + k. Calculate the remainder when g is divided by 14.
11
Let p(u) = u**3 - 6*u**2 - 9*u + 5. Calculate the remainder when p(8) is divided by ((-2)/5)/((-3)/120).
13
Let h = -1 - -6. Suppose 5*p + h*d = 10, 5*d = 3*p + 4*d - 22. Calculate the remainder when 10 is divided by p.
4
Let h(a) = a - 10. Let j be h(10). Let m be (1 + 2 + j)*-14. Let u = -22 - m. Calculate the remainder when u is divided by 7.
6
Let b = -4 + 6. Suppose 3*f = 2*w + 4, 2*f + 1 = 3*w - 3. Calculate the remainder when w is divided by b.
0
Calculate the remainder when 29 is divided by 792/55 + 3/5.
14
Suppose 54 = 3*p - 252. Calculate the remainder when 48 is divided by ((-2)/4)/((-3)/p).
14
Let y(x) = -x - 1. Suppose 10 = 4*k + k - 3*l, k = 4*l + 2. Let t be -6 + (0 - k/(-1)). Calculate the remainder when 8 is divided by y(t).
2
Let y(j) = -11*j - 77. Calculate the remainder when 105 is divided by y(-9).
17
Calculate the remainder when 27 is divided by 60/18*((-15)/(-6) - 1).
2
Let a(o) = 8*o**2 - o. Let k = 3 + -4. Let r(x) = -x**3 - 6*x**2 - x - 1. What is the remainder when a(k) is divided by r(-6)?
4
Suppose 0*h + 2*h = 24. Suppose -h = -4*y + y. Suppose -x = -4*m + 18, -y*x + 4*m - 15 = -3. Calculate the remainder when 3 is divided by x.
1
Suppose 3*v - v - 96 = 0. Calculate the remainder when v is divided b